{"id":6669,"date":"2022-11-28T13:21:36","date_gmt":"2022-11-28T12:21:36","guid":{"rendered":"https:\/\/fruehwald.hu\/traditional\/"},"modified":"2024-03-06T14:38:49","modified_gmt":"2024-03-06T13:38:49","slug":"traditional","status":"publish","type":"page","link":"https:\/\/fruehwald.hu\/ro\/traditional\/","title":{"rendered":"Tradi\u021bional"},"content":{"rendered":"\t<div class=\"sf-hero-image\" id=\"sf-hero-image-0d69792b642ff93212bdc5df82a8d177e51cc542fc0c8257ee7ced689f19e6ab\" style=\"background-image: url(https:\/\/fruehwald.hu\/wp-content\/uploads\/sites\/5\/2022\/11\/LaPiazzaGrande_Sandstein_Image_Beitragsbild.jpg); background-position: center center\">\n        <div class=\"carpet\"><\/div>\n                    <div class=\"inner\">\n\t                                <h1>Tradi\u021bional<\/h1>\n\t            \t                        <\/div>\n        \n        \n        \n        \t<\/div>\n\t    <style>\n                    <\/style>\n    \n<div class=\"wp-block-fruehwald-area container\">\n<p class=\"has-text-align-center\">V\u0103 ar\u0103t\u0103m cum pute\u021bi s\u0103 amenaja\u021bi o camer\u0103 de zi clasic\u0103 \u0219i elegant\u0103 \u00een aer liber. Indiferent dac\u0103 folosi\u021bi sisteme de pavaj moderne sau antice pentru a crea alei, terase sau zone de relaxare din jurul teraselor, elegan\u021ba natural\u0103 va prevala.<\/p>\n<\/div>\n\n<div style=\"height:150px\" aria-hidden=\"true\" class=\"wp-block-spacer\"><\/div>\n\n<div class=\"wp-block-fruehwald-area container\">\n<div class=\"grey-bar-container grey-bar-right\"><div class=\"wp-block-media-text alignwide has-media-on-the-right is-stacked-on-mobile\"><figure class=\"wp-block-media-text__media\"><img loading=\"lazy\" width=\"1278\" height=\"980\" src=\"https:\/\/fruehwald.hu\/wp-content\/uploads\/sites\/5\/2022\/11\/2_Tiziano_Pflaster-Kombi_Ezuestszuerke-Terko-Referencia.jpg\" alt=\"\" class=\"wp-image-160 size-full\"\/><\/figure><div class=\"wp-block-media-text__content\">\n<p class=\"\">Deschiderile de por\u021bi lungi pot fi f\u0103cute mai interesante prin amestecarea diferitelor forme. Suprafa\u021ba rezultat\u0103, cu efect de amestec, are un aspect vizual mai lejer \u0219i mai variat. <\/p>\n\n\n\n<p class=\"\"><\/p>\n\n\n\n<p class=\"\"><a href=\"https:\/\/fruehwald.hu\/termekek\/tiziano-laprendszer\/\">Tiziano,<\/a> Granit gri argintiu \u00een format combinat<\/p>\n<\/div><\/div><div class=\"sf-grey-bar\" style=\"width:50%;height:75%;transform:translateX(150px) translateY(-50%)\"><\/div><\/div>\n<\/div>\n\n<div style=\"height:150px\" aria-hidden=\"true\" class=\"wp-block-spacer\"><\/div>\n\n<div class=\"wp-block-fruehwald-area container\">\n<div class=\"grey-bar-container grey-bar-left\"><div class=\"wp-block-media-text alignwide is-stacked-on-mobile\"><figure class=\"wp-block-media-text__media\"><img loading=\"lazy\" width=\"1278\" height=\"980\" src=\"https:\/\/fruehwald.hu\/wp-content\/uploads\/sites\/5\/2022\/11\/Einfahrt_La_piazza_grande_neu.jpg\" alt=\"\" class=\"wp-image-162 size-full\"\/><\/figure><div class=\"wp-block-media-text__content\">\n<p class=\"\" data-aos=\"fade-up\">Culoarea atemporal\u0103 \u0219i clasic\u0103 a nisipului evoc\u0103 farmecul materialelor naturale, cre\u00e2nd armonie \u0219i o atmosfer\u0103 pl\u0103cut\u0103 \u00een exterior. <\/p>\n\n\n\n<p class=\"\"><\/p>\n\n\n\n<p class=\"\"><a href=\"https:\/\/fruehwald.hu\/termekek\/la-piazza-grande-hu\/\">La Piazza Grande<\/a>, Alb-crem\u0103<\/p>\n<\/div><\/div><div class=\"sf-grey-bar\" style=\"width:50%;height:75%;transform:translateX(-150px) translateY(-50%)\"><\/div><\/div>\n<\/div>\n\n<div style=\"height:150px\" aria-hidden=\"true\" class=\"wp-block-spacer\"><\/div>\n\n<div class=\"wp-block-fruehwald-area container\">\n<div class=\"grey-bar-container grey-bar-right\"><div class=\"wp-block-media-text alignwide has-media-on-the-right is-stacked-on-mobile\"><figure class=\"wp-block-media-text__media\"><img loading=\"lazy\" width=\"1278\" height=\"980\" src=\"https:\/\/fruehwald.hu\/wp-content\/uploads\/sites\/5\/2022\/11\/Bekecs_Rest_1_Monatge.jpg\" alt=\"\" class=\"wp-image-164 size-full\"\/><\/figure><div class=\"wp-block-media-text__content\">\n<p class=\"\" data-aos=\"fade-up\">Pietrele noastre cu aspect antic sunt ideale pentru renov\u0103ri monumentale. Efectul de piatr\u0103 \u00eemb\u0103tr\u00e2nit\u0103 artificial se potrive\u0219te perfect cu atmosfera tradi\u021bional\u0103 a unei case de \u021bar\u0103. <\/p>\n\n\n\n<p class=\"\"><\/p>\n\n\n\n<p class=\"\">C\u0103r\u0103mizi demolate de tip <a href=\"https:\/\/fruehwald.hu\/termekek\/caesar-hu\/\">Cezar<\/a> <\/p>\n<\/div><\/div><div class=\"sf-grey-bar\" style=\"width:50%;height:75%;transform:translateX(150px) translateY(-50%)\"><\/div><\/div>\n<\/div>\n\n<div class=\"wp-block-columns\">\n<div class=\"wp-block-column\" style=\"flex-basis:100%\">\n<div style=\"height:150px\" aria-hidden=\"true\" class=\"wp-block-spacer\"><\/div>\n<\/div>\n<\/div>\n\n<div class=\"wp-block-fruehwald-area container\">\n<div class=\"grey-bar-container grey-bar-left\"><div class=\"wp-block-media-text alignwide is-stacked-on-mobile grey-bar-container grey-bar-left\"><figure class=\"wp-block-media-text__media\"><img loading=\"lazy\" width=\"1278\" height=\"980\" src=\"https:\/\/fruehwald.hu\/wp-content\/uploads\/sites\/5\/2022\/11\/S33_Bekecs_Privathaus-1.jpg\" alt=\"\" class=\"wp-image-166 size-full\"\/><\/figure><div class=\"wp-block-media-text__content\">\n<p class=\"\" data-aos=\"fade-up\">Modul \u00een care o cl\u0103dire se integreaz\u0103 \u00een mediul \u00eenconjur\u0103tor depinde de grija cu care este proiectat\u0103 poarta de acces. Stilul por\u021biii trebuie s\u0103 se potriveasc\u0103 cu cel al casei, at\u00e2t \u00een ceea ce prive\u0219te forma, c\u00e2t \u0219i culoarea pavajului pus. <\/p>\n\n\n\n<p class=\"\"><\/p>\n\n\n\n<p class=\"\"><a href=\"https:\/\/fruehwald.hu\/termekek\/suave-hu\/\">Suave<\/a>, Melir maroniu<\/p>\n<\/div><\/div><div class=\"sf-grey-bar\" style=\"width:50%;height:75%;transform:translateX(-150px) translateY(-50%)\"><\/div><\/div>\n<\/div>\n\n<div style=\"height:150px\" aria-hidden=\"true\" class=\"wp-block-spacer\"><\/div>\n","protected":false},"excerpt":{"rendered":"","protected":false},"author":7,"featured_media":0,"parent":0,"menu_order":9,"comment_status":"closed","ping_status":"closed","template":"","meta":{"inline_featured_image":false},"yoast_head":"<!-- This site is optimized with the Yoast SEO plugin v18.8 - https:\/\/yoast.com\/wordpress\/plugins\/seo\/ -->\n<title>Tradi\u021bional - Fr\u00fchwald HU<\/title>\n<meta name=\"robots\" content=\"index, follow, max-snippet:-1, max-image-preview:large, max-video-preview:-1\" \/>\n<link rel=\"canonical\" href=\"https:\/\/fruehwald.hu\/ro\/traditional\/\" \/>\n<meta property=\"og:locale\" content=\"ro_RO\" \/>\n<meta property=\"og:type\" content=\"article\" \/>\n<meta property=\"og:title\" content=\"Tradi\u021bional - Fr\u00fchwald HU\" \/>\n<meta property=\"og:url\" content=\"https:\/\/fruehwald.hu\/ro\/traditional\/\" \/>\n<meta property=\"og:site_name\" content=\"Fr\u00fchwald HU\" \/>\n<meta property=\"article:modified_time\" content=\"2024-03-06T13:38:49+00:00\" \/>\n<meta property=\"og:image\" content=\"http:\/\/fruehwald.hu\/wp-content\/uploads\/sites\/5\/2022\/11\/2_Tiziano_Pflaster-Kombi_Ezuestszuerke-Terko-Referencia.jpg\" \/>\n<meta name=\"twitter:card\" content=\"summary_large_image\" \/>\n<meta name=\"twitter:label1\" content=\"Timp estimat pentru citire\" \/>\n\t<meta name=\"twitter:data1\" content=\"1 minut\" \/>\n<script type=\"application\/ld+json\" class=\"yoast-schema-graph\">{\"@context\":\"https:\/\/schema.org\",\"@graph\":[{\"@type\":\"WebSite\",\"@id\":\"https:\/\/fruehwald.hu\/#website\",\"url\":\"https:\/\/fruehwald.hu\/\",\"name\":\"Fr\u00fchwald HU\",\"description\":\"Fr\u00fchwald\",\"potentialAction\":[{\"@type\":\"SearchAction\",\"target\":{\"@type\":\"EntryPoint\",\"urlTemplate\":\"https:\/\/fruehwald.hu\/?s={search_term_string}\"},\"query-input\":\"required name=search_term_string\"}],\"inLanguage\":\"ro-RO\"},{\"@type\":\"ImageObject\",\"inLanguage\":\"ro-RO\",\"@id\":\"https:\/\/fruehwald.hu\/ro\/traditional\/#primaryimage\",\"url\":\"https:\/\/fruehwald.hu\/wp-content\/uploads\/sites\/5\/2022\/11\/2_Tiziano_Pflaster-Kombi_Ezuestszuerke-Terko-Referencia.jpg\",\"contentUrl\":\"https:\/\/fruehwald.hu\/wp-content\/uploads\/sites\/5\/2022\/11\/2_Tiziano_Pflaster-Kombi_Ezuestszuerke-Terko-Referencia.jpg\",\"width\":1278,\"height\":980},{\"@type\":\"WebPage\",\"@id\":\"https:\/\/fruehwald.hu\/ro\/traditional\/#webpage\",\"url\":\"https:\/\/fruehwald.hu\/ro\/traditional\/\",\"name\":\"Tradi\u021bional - Fr\u00fchwald HU\",\"isPartOf\":{\"@id\":\"https:\/\/fruehwald.hu\/#website\"},\"primaryImageOfPage\":{\"@id\":\"https:\/\/fruehwald.hu\/ro\/traditional\/#primaryimage\"},\"datePublished\":\"2022-11-28T12:21:36+00:00\",\"dateModified\":\"2024-03-06T13:38:49+00:00\",\"breadcrumb\":{\"@id\":\"https:\/\/fruehwald.hu\/ro\/traditional\/#breadcrumb\"},\"inLanguage\":\"ro-RO\",\"potentialAction\":[{\"@type\":\"ReadAction\",\"target\":[\"https:\/\/fruehwald.hu\/ro\/traditional\/\"]}]},{\"@type\":\"BreadcrumbList\",\"@id\":\"https:\/\/fruehwald.hu\/ro\/traditional\/#breadcrumb\",\"itemListElement\":[{\"@type\":\"ListItem\",\"position\":1,\"name\":\"Tradi\u021bional\"}]}]}<\/script>\n<!-- \/ Yoast SEO plugin. -->","yoast_head_json":{"title":"Tradi\u021bional - Fr\u00fchwald HU","robots":{"index":"index","follow":"follow","max-snippet":"max-snippet:-1","max-image-preview":"max-image-preview:large","max-video-preview":"max-video-preview:-1"},"canonical":"https:\/\/fruehwald.hu\/ro\/traditional\/","og_locale":"ro_RO","og_type":"article","og_title":"Tradi\u021bional - Fr\u00fchwald HU","og_url":"https:\/\/fruehwald.hu\/ro\/traditional\/","og_site_name":"Fr\u00fchwald HU","article_modified_time":"2024-03-06T13:38:49+00:00","og_image":[{"url":"http:\/\/fruehwald.hu\/wp-content\/uploads\/sites\/5\/2022\/11\/2_Tiziano_Pflaster-Kombi_Ezuestszuerke-Terko-Referencia.jpg"}],"twitter_card":"summary_large_image","twitter_misc":{"Timp estimat pentru citire":"1 minut"},"schema":{"@context":"https:\/\/schema.org","@graph":[{"@type":"WebSite","@id":"https:\/\/fruehwald.hu\/#website","url":"https:\/\/fruehwald.hu\/","name":"Fr\u00fchwald HU","description":"Fr\u00fchwald","potentialAction":[{"@type":"SearchAction","target":{"@type":"EntryPoint","urlTemplate":"https:\/\/fruehwald.hu\/?s={search_term_string}"},"query-input":"required name=search_term_string"}],"inLanguage":"ro-RO"},{"@type":"ImageObject","inLanguage":"ro-RO","@id":"https:\/\/fruehwald.hu\/ro\/traditional\/#primaryimage","url":"https:\/\/fruehwald.hu\/wp-content\/uploads\/sites\/5\/2022\/11\/2_Tiziano_Pflaster-Kombi_Ezuestszuerke-Terko-Referencia.jpg","contentUrl":"https:\/\/fruehwald.hu\/wp-content\/uploads\/sites\/5\/2022\/11\/2_Tiziano_Pflaster-Kombi_Ezuestszuerke-Terko-Referencia.jpg","width":1278,"height":980},{"@type":"WebPage","@id":"https:\/\/fruehwald.hu\/ro\/traditional\/#webpage","url":"https:\/\/fruehwald.hu\/ro\/traditional\/","name":"Tradi\u021bional - Fr\u00fchwald HU","isPartOf":{"@id":"https:\/\/fruehwald.hu\/#website"},"primaryImageOfPage":{"@id":"https:\/\/fruehwald.hu\/ro\/traditional\/#primaryimage"},"datePublished":"2022-11-28T12:21:36+00:00","dateModified":"2024-03-06T13:38:49+00:00","breadcrumb":{"@id":"https:\/\/fruehwald.hu\/ro\/traditional\/#breadcrumb"},"inLanguage":"ro-RO","potentialAction":[{"@type":"ReadAction","target":["https:\/\/fruehwald.hu\/ro\/traditional\/"]}]},{"@type":"BreadcrumbList","@id":"https:\/\/fruehwald.hu\/ro\/traditional\/#breadcrumb","itemListElement":[{"@type":"ListItem","position":1,"name":"Tradi\u021bional"}]}]}},"acf":[],"_links":{"self":[{"href":"https:\/\/fruehwald.hu\/ro\/wp-json\/wp\/v2\/pages\/6669"}],"collection":[{"href":"https:\/\/fruehwald.hu\/ro\/wp-json\/wp\/v2\/pages"}],"about":[{"href":"https:\/\/fruehwald.hu\/ro\/wp-json\/wp\/v2\/types\/page"}],"author":[{"embeddable":true,"href":"https:\/\/fruehwald.hu\/ro\/wp-json\/wp\/v2\/users\/7"}],"replies":[{"embeddable":true,"href":"https:\/\/fruehwald.hu\/ro\/wp-json\/wp\/v2\/comments?post=6669"}],"version-history":[{"count":1,"href":"https:\/\/fruehwald.hu\/ro\/wp-json\/wp\/v2\/pages\/6669\/revisions"}],"predecessor-version":[{"id":6670,"href":"https:\/\/fruehwald.hu\/ro\/wp-json\/wp\/v2\/pages\/6669\/revisions\/6670"}],"wp:attachment":[{"href":"https:\/\/fruehwald.hu\/ro\/wp-json\/wp\/v2\/media?parent=6669"}],"curies":[{"name":"wp","href":"https:\/\/api.w.org\/{rel}","templated":true}]}}

Tradițional

<div class="sf-hero-image" id="sf-hero-image-0d69792b642ff93212bdc5df82a8d177e51cc542fc0c8257ee7ced689f19e6ab" style="background-image: url(https://fruehwald.hu/wp-content/uploads/sites/5/2022/11/LaPiazzaGrande_Sandstein_Image_Beitragsbild.jpg); background-position: center center">
        <div class="carpet"></div>
                    <div class="inner">
	                                <h1>Tradițional</h1>
	            	                        </div>
        
        
        
        	</div>
	    <style>
                    </style>
    
<div class="wp-block-fruehwald-area container">
<p class="has-text-align-center">Vă arătăm cum puteți să amenajați o cameră de zi clasică și elegantă în aer liber. Indiferent dacă folosiți sisteme de pavaj moderne sau antice pentru a crea alei, terase sau zone de relaxare din jurul teraselor, eleganța naturală va prevala.</p>
</div>

<div style="height:150px" aria-hidden="true" class="wp-block-spacer"></div>

<div class="wp-block-fruehwald-area container">
<div class="grey-bar-container grey-bar-right"><div class="wp-block-media-text alignwide has-media-on-the-right is-stacked-on-mobile"><figure class="wp-block-media-text__media"><img loading="lazy" width="1278" height="980" src="https://fruehwald.hu/wp-content/uploads/sites/5/2022/11/2_Tiziano_Pflaster-Kombi_Ezuestszuerke-Terko-Referencia.jpg" alt="" class="wp-image-160 size-full"/></figure><div class="wp-block-media-text__content">
<p class="">Deschiderile de porți lungi pot fi făcute mai interesante prin amestecarea diferitelor forme. Suprafața rezultată, cu efect de amestec, are un aspect vizual mai lejer și mai variat. </p>



<p class=""></p>



<p class=""><a href="https://fruehwald.hu/termekek/tiziano-laprendszer/">Tiziano,</a> Granit gri argintiu în format combinat</p>
</div></div><div class="sf-grey-bar" style="width:50%;height:75%;transform:translateX(150px) translateY(-50%)"></div></div>
</div>

<div style="height:150px" aria-hidden="true" class="wp-block-spacer"></div>

<div class="wp-block-fruehwald-area container">
<div class="grey-bar-container grey-bar-left"><div class="wp-block-media-text alignwide is-stacked-on-mobile"><figure class="wp-block-media-text__media"><img loading="lazy" width="1278" height="980" src="https://fruehwald.hu/wp-content/uploads/sites/5/2022/11/Einfahrt_La_piazza_grande_neu.jpg" alt="" class="wp-image-162 size-full"/></figure><div class="wp-block-media-text__content">
<p class="" data-aos="fade-up">Culoarea atemporală și clasică a nisipului evocă farmecul materialelor naturale, creând armonie și o atmosferă plăcută în exterior. </p>



<p class=""></p>



<p class=""><a href="https://fruehwald.hu/termekek/la-piazza-grande-hu/">La Piazza Grande</a>, Alb-cremă</p>
</div></div><div class="sf-grey-bar" style="width:50%;height:75%;transform:translateX(-150px) translateY(-50%)"></div></div>
</div>

<div style="height:150px" aria-hidden="true" class="wp-block-spacer"></div>

<div class="wp-block-fruehwald-area container">
<div class="grey-bar-container grey-bar-right"><div class="wp-block-media-text alignwide has-media-on-the-right is-stacked-on-mobile"><figure class="wp-block-media-text__media"><img loading="lazy" width="1278" height="980" src="https://fruehwald.hu/wp-content/uploads/sites/5/2022/11/Bekecs_Rest_1_Monatge.jpg" alt="" class="wp-image-164 size-full"/></figure><div class="wp-block-media-text__content">
<p class="" data-aos="fade-up">Pietrele noastre cu aspect antic sunt ideale pentru renovări monumentale. Efectul de piatră îmbătrânită artificial se potrivește perfect cu atmosfera tradițională a unei case de țară. </p>



<p class=""></p>



<p class="">Cărămizi demolate de tip <a href="https://fruehwald.hu/termekek/caesar-hu/">Cezar</a> </p>
</div></div><div class="sf-grey-bar" style="width:50%;height:75%;transform:translateX(150px) translateY(-50%)"></div></div>
</div>

<div class="wp-block-columns">
<div class="wp-block-column" style="flex-basis:100%">
<div style="height:150px" aria-hidden="true" class="wp-block-spacer"></div>
</div>
</div>

<div class="wp-block-fruehwald-area container">
<div class="grey-bar-container grey-bar-left"><div class="wp-block-media-text alignwide is-stacked-on-mobile grey-bar-container grey-bar-left"><figure class="wp-block-media-text__media"><img loading="lazy" width="1278" height="980" src="https://fruehwald.hu/wp-content/uploads/sites/5/2022/11/S33_Bekecs_Privathaus-1.jpg" alt="" class="wp-image-166 size-full"/></figure><div class="wp-block-media-text__content">
<p class="" data-aos="fade-up">Modul în care o clădire se integrează în mediul înconjurător depinde de grija cu care este proiectată poarta de acces. Stilul porțiii trebuie să se potrivească cu cel al casei, atât în ceea ce privește forma, cât și culoarea pavajului pus. </p>



<p class=""></p>



<p class=""><a href="https://fruehwald.hu/termekek/suave-hu/">Suave</a>, Melir maroniu</p>
</div></div><div class="sf-grey-bar" style="width:50%;height:75%;transform:translateX(-150px) translateY(-50%)"></div></div>
</div>

<div style="height:150px" aria-hidden="true" class="wp-block-spacer"></div>

<!-- This site is optimized with the Yoast SEO plugin v18.8 - https://yoast.com/wordpress/plugins/seo/ -->
<title>Tradițional - Frühwald HU</title>
<meta name="robots" content="index, follow, max-snippet:-1, max-image-preview:large, max-video-preview:-1" />
<link rel="canonical" href="https://fruehwald.hu/ro/traditional/" />
<meta property="og:locale" content="ro_RO" />
<meta property="og:type" content="article" />
<meta property="og:title" content="Tradițional - Frühwald HU" />
<meta property="og:url" content="https://fruehwald.hu/ro/traditional/" />
<meta property="og:site_name" content="Frühwald HU" />
<meta property="article:modified_time" content="2024-03-06T13:38:49+00:00" />
<meta property="og:image" content="http://fruehwald.hu/wp-content/uploads/sites/5/2022/11/2_Tiziano_Pflaster-Kombi_Ezuestszuerke-Terko-Referencia.jpg" />
<meta name="twitter:card" content="summary_large_image" />
<meta name="twitter:label1" content="Timp estimat pentru citire" />
	<meta name="twitter:data1" content="1 minut" />
<script type="application/ld+json" class="yoast-schema-graph">{"@context":"https://schema.org","@graph":[{"@type":"WebSite","@id":"https://fruehwald.hu/#website","url":"https://fruehwald.hu/","name":"Frühwald HU","description":"Frühwald","potentialAction":[{"@type":"SearchAction","target":{"@type":"EntryPoint","urlTemplate":"https://fruehwald.hu/?s={search_term_string}"},"query-input":"required name=search_term_string"}],"inLanguage":"ro-RO"},{"@type":"ImageObject","inLanguage":"ro-RO","@id":"https://fruehwald.hu/ro/traditional/#primaryimage","url":"https://fruehwald.hu/wp-content/uploads/sites/5/2022/11/2_Tiziano_Pflaster-Kombi_Ezuestszuerke-Terko-Referencia.jpg","contentUrl":"https://fruehwald.hu/wp-content/uploads/sites/5/2022/11/2_Tiziano_Pflaster-Kombi_Ezuestszuerke-Terko-Referencia.jpg","width":1278,"height":980},{"@type":"WebPage","@id":"https://fruehwald.hu/ro/traditional/#webpage","url":"https://fruehwald.hu/ro/traditional/","name":"Tradițional - Frühwald HU","isPartOf":{"@id":"https://fruehwald.hu/#website"},"primaryImageOfPage":{"@id":"https://fruehwald.hu/ro/traditional/#primaryimage"},"datePublished":"2022-11-28T12:21:36+00:00","dateModified":"2024-03-06T13:38:49+00:00","breadcrumb":{"@id":"https://fruehwald.hu/ro/traditional/#breadcrumb"},"inLanguage":"ro-RO","potentialAction":[{"@type":"ReadAction","target":["https://fruehwald.hu/ro/traditional/"]}]},{"@type":"BreadcrumbList","@id":"https://fruehwald.hu/ro/traditional/#breadcrumb","itemListElement":[{"@type":"ListItem","position":1,"name":"Tradițional"}]}]}</script>
<!-- / Yoast SEO plugin. -->

Tradițional - Frühwald HU

Frühwald HU

Frühwald
